658 - 11619. Let l(f) = -5*f**3 + 2*f**2 - 2*f - 4. Calculate the remainder when l(-3) is divided by i.
38
Let z be 117/(-26) + 5/(-2) + 1. Let v(x) = 2*x**2 + 11*x + 4. What is the remainder when v(z) is divided by 10?
0
Suppose 5 = 2*t - 2*d - 9, 5*t + 4*d - 53 = 0. Calculate the remainder when 36 is divided by t.
0
Suppose -1083 - 2737 = -10*q. What is the remainder when q is divided by 24?
22
Suppose 3*r = r + 24. Suppose -5*b = 5*u - 79 - 46, 3*u - 96 = -4*b. Calculate the remainder when b is divided by r.
9
What is the remainder when (-1 - -6) + 51 - 11 is divided by -2 + (11 + -2 - 1)?
3
Let h = 44 - 40. Let o(w) be the first derivative of -w**3/3 - 13*w**2/2 - 15*w + 1. What is the remainder when o(-10) is divided by h?
3
Suppose -2 = -3*f + 10. Suppose f*q = q + 168. Suppose -5*a = -29 - q. Calculate the remainder when a is divided by 10.
7
Let q be (-9 - 0)*(-37 + 36). Suppose -q*i + 170 - 35 = 0. What is the remainder when i is divided by 3?
0
Let f be ((-10)/25)/((-3)/300). Suppose 3*l - f = 4*p, 5*p - 18 - 1 = -2*l. What is the remainder when 33 is divided by l?
9
Let d(w) = 1098*w**2 + 19*w + 16. Calculate the remainder when d(-1) is divided by 8.
7
Let p(i) = -i**2 + 4*i + 9. Let b be p(5). Let c(f) = 2*f**2 - 2*f - 11. Calculate the remainder when 48 is divided by c(b).
9
Let n(q) = -q**2 + 15*q - 32. Let j(v) = 5*v**2 - 2*v - 1. Let c be j(2). Let m = c - -54. Calculate the remainder when m is divided by n(5).
15
Let v(q) = 3*q**3 - 5*q**2 + 9*q - 9. What is the remainder when v(2) is divided by 3?
1
Let s(i) = 3*i**2 + 10*i + 4. Let k be s(-6). Let c = k - 41. What is the remainder when 64 is divided by c?
9
Suppose 12*c + 137 - 725 = 0. Calculate the remainder when c is divided by 10.
9
Let q = 279 - 262. Calculate the remainder when 66 is divided by q.
15
Let i(o) = o + 112. What is the remainder when i(-10) is divided by ((-6)/4)/(8/(-112))?
18
Let k(l) = -l**2 + l + 7. Let j = 3 + -1. Calculate the remainder when (j - 1)*(0 - -1) is divided by k(3).
0
Let q = 46 + -42. Suppose 4*k = 8*k - 4*l - 1092, k - q*l = 270. Calculate the remainder when k is divided by 46.
44
Let i(l) = l**3 + 10*l**2 + 8*l - 6. Let a be ((-60)/(-24))/((-1)/(-2)). Suppose -2*w + w - a = 0. Calculate the remainder when i(w) is divided by 20.
19
Let j(n) = -n + 65*n**2 - 4*n + n**3 - 71*n**2 - 17. Calculate the remainder when j(8) is divided by 36.
35
Suppose 0 = 5*a + 20 - 335. Let w = 280 + -247. Calculate the remainder when a is divided by w.
30
Let v(n) = -n**3 - 3*n**2 + 6*n - 4. Let m be 3/2 - (-5)/2. Let g be v(m). Let l = g - -258. Calculate the remainder when l is divided by 42.
40
Let i be (-21)/14 + 489/6. Let x = -41 + i. Let h = -4 + 18. What is the remainder when x is divided by h?
11
Suppose 0 = 5*y - 3*z - 112, 2*y - 53 + 11 = 4*z. Calculate the remainder when 227 is divided by y.
20
Let j(d) = -d**3 - 24*d**2 - 12*d - 161. What is the remainder when j(-24) is divided by 43?
41
Let i(o) = 10*o**2 + o - 1. Suppose -2*b - 5*h - 9 = -15, -9*b + 27 = h. Calculate the remainder when i(1) is divided by b.
1
Let n(m) = -m**2 - 15*m - 9. Let r be n(-6). Let v = r + -14. Calculate the remainder when v is divided by 12.
7
What is the remainder when 335 is divided by (-2 + -4 + -6)*-7?
83
Let f(h) = -h**3 + 7*h**2 - h - 3. Suppose 13*r = -1044 - 425. Let t = r + 128. What is the remainder when f(6) is divided by t?
12
Let c = 72 - 72. Suppose -5*o + 7 = -13. Suppose -o*w + 2 + 1 = 3*p, -4*w - p + 9 = c. Calculate the remainder when 7 is divided by w.
1
Let q(z) = 28*z + 103. Calculate the remainder when q(2) is divided by 54.
51
Let y(z) = -z**2 - 11*z - 8. Let j be y(-10). Suppose 2*a = -2*a + 276. Suppose m + 2 = -0, -5*t + a = -j*m. Calculate the remainder when 23 is divided by t.
10
Let b(p) = -4*p - 4*p + 6*p**2 - 2*p**2 - 5*p - 10. What is the remainder when b(9) is divided by 50?
47
Let d = 1262 - 1224. Let s(r) = -r**3 - r**2 + 8. Suppose 5 = -g + 5*t, -4*t + 4 = -0*g + 4*g. Calculate the remainder when d is divided by s(g).
6
Calculate the remainder when 3667/95 + (-1)/((-5)/2) is divided by -21*(1/3 + -1).
11
Let a = 127 - 165. What is the remainder when 0 - 3/(3/a) is divided by 20?
18
Suppose -5*w + 9*w + 80 = 0. What is the remainder when ((-36)/w)/(1/45) is divided by 14?
11
Suppose 5*h = 3*u - 2*u - 19, 2*u - 3*h = 10. Let o = u - 0. What is the remainder when 19 is divided by 7/2*(o - -3)?
5
Calculate the remainder when 19 is divided by (-2 - 19/(-10)) + (-11)/(-10).
0
Suppose -10*s + 326 + 124 = 0. Calculate the remainder when 494 is divided by s.
44
Let h = -306 + 345. Calculate the remainder when 230 is divided by h.
35
Suppose 150*i + 8 = 152*i. What is the remainder when 230 is divided by i?
2
Let q(c) = c**2 - 19*c - 38. Let w be q(21). Suppose 0 = -h + p + 82, -p + 0*p = w. Let s(r) = -15*r + 1. Calculate the remainder when h is divided by s(-1).
14
Suppose 0 = 4*x - 4. Let s be 0/((x + 2)/(-3)). Suppose 5*c = 4*h + 37, 5*c + 3*h - 6 - 10 = s. What is the remainder when 18 is divided by c?
3
Suppose -5*y = -2*j + 42, j + 3*y = -4 + 3. Let u = -10 + 14. Calculate the remainder when j is divided by u.
3
Let f = -184 + 214. What is the remainder when 20/3*(-66)/(-5) is divided by f?
28
Let m(a) = -a - a**2 - 4*a + 4*a**3 - 2*a**3 + 1 + 3*a**2. Let b(k) = k**3 - 4*k**2 + 6*k + 3. What is the remainder when b(5) is divided by m(2)?
13
Suppose 2*c - p = -3*c + 420, -c = -p - 84. Let m = c - 50. Suppose 3*k + 2*h = 29, -2*h = k - 1 - 14. What is the remainder when m is divided by k?
6
Let m(g) = 3*g**2 + 11*g - 8. Calculate the remainder when 53 is divided by m(-5).
5
Calculate the remainder when 325 is divided by (-1)/(-4) - 12816/(-192).
57
Suppose 0 = 4*m + 2*l - 104, m + l + l - 23 = 0. Let b(n) = n**3 - 12*n**2 - 10*n + 122. Calculate the remainder when b(13) is divided by m.
26
Suppose -9*t = u - 4*t - 215, 0 = -3*u - 2*t + 606. What is the remainder when u is divided by 35?
25
Let q = -903 - -949. Calculate the remainder when 2069 is divided by q.
45
Suppose 0 = 3*r + 1 + 2. Let f(k) = k**3 - 8*k**2 + 15*k - 1. What is the remainder when f(7) is divided by r/3*0 + 19?
17
What is the remainder when 176 is divided by (-2532)/(-48) - ((-11)/(-4) + -2)?
20
Let d(j) = j + 21. What is the remainder when 44 is divided by d(-13)?
4
Let q = -189 - -134. Let v = 146 + -34. Let n = v + q. What is the remainder when n is divided by 29?
28
Suppose 204 = 9*t - 66. Suppose h + 7 - 27 = -4*x, 2*x - 20 = -3*h. What is the remainder when t is divided by h?
2
Suppose 0 = -2*f + 4*a - 1 - 1, 2*a = 6. Suppose 3*y + f*s = 113, y = 5*y - 4*s - 108. Calculate the remainder when y is divided by 20.
11
Let x be (3 - 13)*(52/20 - 3). Calculate the remainder when 2/(-2*x/(-772)) is divided by 39.
37
Let u = -84 - -104. Suppose -3*g + 5*d + 60 = 0, d = g - u - 0. Calculate the remainder when 54 is divided by g.
14
What is the remainder when 1/(5/3) - (-28743)/195 is divided by 804/21 - (-4)/(-14)?
34
Let n(a) = -a + 13. Let q be n(6). Suppose -z + 5 = -q. Calculate the remainder when 4/(-14) - 1729/(-49) is divided by z.
11
Suppose 77*f = 79*f - 174. What is the remainder when f is divided by 28?
3
Let p(l) be the second derivative of -l**5/10 - 2*l**4/3 - l**3 - 7*l**2/2 + 77*l. Let h = -5 - 0. Calculate the remainder when p(h) is divided by 25.
23
Suppose 4*o = 4*a - 100, -2*a = -o - 24 - 22. What is the remainder when 207 is divided by a?
18
Suppose 7*j = 637 + 182. Calculate the remainder when j is divided by 49.
19
What is the remainder when (6/8)/((-3)/(-8688)*12) is divided by 23?
20
Let h = -5 + 4. Let u(t) = 3*t**2 + 3*t - 1. What is the remainder when u(2) is divided by (h/(-2))/((-3)/(-54))?
8
Suppose -5*s - i + 10 = 0, -4*i + i = 0. Suppose -s*w - 10 = -220. What is the remainder when w is divided by 36?
33
Calculate the remainder when 44 is divided by (-1)/(-27)*6 - (-964)/36.
17
Let s = 3315 - 1355. Let w(q) = 2*q**2 + 6*q - 5. What is the remainder when w(-7) is divided by (-6)/27 - s/(-72)?
24
Let u(c) = -c - 5. Let k be u(-8). Suppose -5*y + 175 = 3*l - 6*y, k*l - 159 = -3*y. What is the remainder when l is divided by 15?
12
Let n(b) = -6 + 5*b + 8*b + b**2 - 2*b. Calculate the remainder when 16 is divided by n(-12).
4
Suppose -3